{"id":102,"date":"2026-02-21T17:44:10","date_gmt":"2026-02-21T16:44:10","guid":{"rendered":"https:\/\/imexcomed.com.bo\/?page_id=102"},"modified":"2026-04-01T18:03:37","modified_gmt":"2026-04-01T22:03:37","slug":"gestion-de-activos-y-suministros-quirurgicos","status":"publish","type":"page","link":"https:\/\/imexcomed.com.bo\/index.php\/gestion-de-activos-y-suministros-quirurgicos\/","title":{"rendered":"Gesti\u00f3n de activos y suministros quir\u00fargicos"},"content":{"rendered":"<div class=\"et_pb_section_0 et_pb_section et_section_regular et_block_section\">\n<div class=\"et_pb_row_0 et_pb_row et_block_row\">\n<div class=\"et_pb_column_0 et_pb_column et_pb_column_3_5 et_block_column et_pb_css_mix_blend_mode_passthrough testimonios preset--module--divi-column--699cb4dcd6f9d\">\n<div class=\"et_pb_text_0 et_pb_text et_pb_bg_layout_light et_pb_module et_block_module preset--group--divi-text--divi-font-body--h19rs5u--default preset--group--divi-text--divi-font-body--h1yjkjr--default preset--module--divi-text--699cb4dcd6faa\"><div class=\"et_pb_text_inner\"><p>\u00a0<\/p>\n<table border=\"0\" style=\"width: 100%; border-style: hidden;\">\n<tbody>\n<tr>\n<td style=\"width: 15%; padding-top: 16px; vertical-align: top;\"><img loading=\"lazy\" decoding=\"async\" src=\"https:\/\/imexcomed.com.bo\/wp-content\/uploads\/2026\/03\/flechaverde-down.png\" width=\"39\" height=\"26\" alt=\"\" class=\"wp-image-770 aligncenter size-full\" \/><\/td>\n<td style=\"padding-left: 0px; width: 82.4645%;\">\n<h1>Gesti\u00f3n de Activos y Suministros Quir\u00fargicos<\/h1>\n<p style=\"text-align: justify;\">Un suministro confiable y eficiente del quir\u00f3fano es esencial para lograr el \u00e9xito diario y a largo plazo en los procesos hospitalarios.<br \/>B. Braun ofrece soluciones mejoradas digitalmente para permitir que los profesionales de la salud alcancen la excelencia cl\u00ednica con resultados financieros sobresalientes.<\/p>\n<p><a href=\"https:\/\/wa.me\/59161023715\" target=\"_blank\" rel=\"noopener\"><img loading=\"lazy\" decoding=\"async\" src=\"https:\/\/imexcomed.com.bo\/wp-content\/uploads\/2026\/03\/whatsapp-300x55.png\" width=\"300\" height=\"55\" alt=\"\" class=\"wp-image-988 aligncenter size-medium\" style=\"float: left;\" srcset=\"https:\/\/imexcomed.com.bo\/wp-content\/uploads\/2026\/03\/whatsapp-300x55.png 300w, https:\/\/imexcomed.com.bo\/wp-content\/uploads\/2026\/03\/whatsapp.png 306w\" sizes=\"(max-width: 300px) 100vw, 300px\" \/><\/a><\/p>\n<\/td>\n<\/tr>\n<\/tbody>\n<\/table>\n<p>\u00a0<\/p>\n<\/div><\/div>\n<\/div>\n\n<div class=\"et_pb_column_1 et_pb_column et_pb_column_2_5 et-last-child et_block_column et_pb_column_empty et_pb_css_mix_blend_mode_passthrough testimonios preset--module--divi-column--699cb4dcd6f9d\"><\/div>\n<\/div>\n<\/div>\n\n<div class=\"et_pb_section_1 et_pb_section et_section_regular et_flex_section\">\n<div class=\"et_pb_row_1 et_pb_row et_flex_row\">\n<div class=\"et_pb_column_2 et_pb_column et_flex_column et_pb_css_mix_blend_mode_passthrough et_flex_column_18_24 et_flex_column_16_24_tablet et_flex_column_24_24_phone\">\n<div class=\"et_pb_row_2 et_pb_row et_pb_row_nested et_flex_row\">\n<div class=\"et_pb_column_3 et_pb_column et-last-child et_flex_column et_pb_css_mix_blend_mode_passthrough et_flex_column_24_24 et_flex_column_24_24_tablet et_flex_column_24_24_phone\">\n<div class=\"et_pb_text_1 et_pb_text et_pb_bg_layout_light et_pb_module et_flex_module preset--group--divi-text--divi-font-body--h19rs5u--default preset--group--divi-text--divi-font-body--h1yjkjr--default\"><div class=\"et_pb_text_inner\"><h3>Nuevos est\u00e1ndares en el procesamiento de esterilizaci\u00f3n y el suministro de quir\u00f3fanos<\/h3>\n<p style=\"text-align: justify;\">Un suministro fiable y eficiente de los quir\u00f3fanos es esencial para generar \u00e9xito diario y a largo plazo en los procesos hospitalarios. B. Braun ofrece soluciones mejoradas digitalmente para permitir que los profesionales sanitarios alcancen la excelencia cl\u00ednica con resultados financieros sobresalientes.<\/p>\n<p style=\"text-align: justify;\">Mejore sus Activos y Suministros Quir\u00fargicos mediante consultor\u00eda: Nuestros consultores le asesoran en base a regulaciones oficiales, est\u00e1ndares internacionales y las mejores pr\u00e1cticas de la industria para mejorar los diversos aspectos y el ciclo de vida general de los instrumentos quir\u00fargicos para su uso en quir\u00f3fanos y esterilizaci\u00f3n centralizada.<\/p>\n<p style=\"text-align: justify;\">Conc\u00e9ntrese en su rendimiento mediante la gesti\u00f3n de activos quir\u00fargicos: Nuestras soluciones \u201cFleet Care\u201d y \u201cBackup Stock Management\u201d combinan diferentes soluciones de consultor\u00eda y gesti\u00f3n de activos. Estas soluciones se pueden personalizar para abordar los desaf\u00edos existentes de los clientes con el fin de alcanzar la excelencia en la gesti\u00f3n de activos quir\u00fargicos.<\/p>\n<p style=\"text-align: justify;\">Establecer soluciones inteligentes mediante la gesti\u00f3n de suministros quir\u00fargico: Para proteger la funcionalidad de la atenci\u00f3n m\u00e9dica se requieren operaciones quir\u00fargicas y una planificaci\u00f3n de quir\u00f3fanos a prueba de futuro, incluidas cadenas de suministro eficientes, confiables y actualizables, que integren soluciones de TI inteligentes en los procesos del hospital.<\/p>\n<p style=\"text-align: justify;\">Descubra los componentes de su proyecto: La gesti\u00f3n de activos y suministros quir\u00fargicos combina varios productos, servicios y herramientas digitales en cuatro fases del proyecto.<\/p>\n<p style=\"text-align: justify;\">Evaluaci\u00f3n\u200b: En funci\u00f3n de su visi\u00f3n y sus desaf\u00edos, se realizan an\u00e1lisis de coincidencias. El objetivo es recopilar informaci\u00f3n y lograr una comprensi\u00f3n m\u00e1s profunda de sus procesos actuales de suministro de quir\u00f3fano y activos quir\u00fargicos para definir soluciones personalizadas de mejora y tomar las mejores decisiones posibles.<\/p>\n<ul style=\"text-align: justify;\">\n<li>Quick Scan\u200b<\/li>\n<li>SAM Light\u200b<\/li>\n<li>360\u00b0 Scan\u200b<\/li>\n<li>An\u00e1lisis de procesos t\u00e9cnicos\u200b<\/li>\n<li>An\u00e1lisis de inventario de productos\u200b<\/li>\n<li>An\u00e1lisis de datos de productos est\u00e9riles\u200b<\/li>\n<li>An\u00e1lisis de viabilidad de contenedores\u200b<\/li>\n<\/ul>\n<p style=\"text-align: justify;\"><strong>Optimizaci\u00f3n:<\/strong> La fase de optimizaci\u00f3n apunta a procesos eficientes asociados con est\u00e1ndares reconocidos internacionalmente y las mejores pr\u00e1cticas de la industria. Con base en los datos analizados previamente, optimizamos los diversos aspectos y el ciclo de vida general de los activos quir\u00fargicos en su CSSD y quir\u00f3fano con el fin de crear una base para la implementaci\u00f3n de soluciones orientadas al futuro.<\/p>\n<ul style=\"text-align: justify;\">\n<li>Consultor\u00eda 360\u00b0<\/li>\n<li>Consultor\u00eda de sets<\/li>\n<li>Containerizaci\u00f3n<\/li>\n<li>Consultor\u00eda de configuraci\u00f3n de bandejas<\/li>\n<\/ul>\n<p style=\"text-align: justify;\"><strong>Implementaci\u00f3n<\/strong>: Implementaci\u00f3n y posterior puesta en marcha de soluciones orientadas al futuro para el suministro de quir\u00f3fanos del cliente, as\u00ed como la entrega de productos integrados en el proceso.<\/p>\n<ul style=\"text-align: justify;\">\n<li>Implementaci\u00f3n de productos, software y procesos<\/li>\n<li>Gestor de organizaci\u00f3n de bandejas<\/li>\n<li>Gesti\u00f3n de instrumentos instacount\u00ae<\/li>\n<\/ul>\n<p style=\"text-align: justify;\"><strong>Asociaci\u00f3n\u200b:<\/strong> Implementaci\u00f3n de soluciones basadas en la asociaci\u00f3n para garantizar de forma sostenible los est\u00e1ndares de calidad alcanzados. B. Braun no solo le ofrece un \u00fanico servicio de consultor\u00eda. Brindamos una asociaci\u00f3n estrat\u00e9gica continua como una de las empresas l\u00edderes y con experiencia en la gesti\u00f3n de activos y suministros quir\u00fargicos.<\/p>\n<ul>\n<li style=\"text-align: justify;\">Educaci\u00f3n y capacitaci\u00f3n\u200b<\/li>\n<li style=\"text-align: justify;\">Cuidado de flotas\u200b<\/li>\n<li style=\"text-align: justify;\">Gesti\u00f3n de stock de respaldo\u200b<\/li>\n<li style=\"text-align: justify;\">Soluciones de servicio t\u00e9cnico\u200b<\/li>\n<\/ul>\n<\/div><\/div>\n<\/div>\n<\/div>\n<\/div>\n\n<div class=\"et_pb_column_4 et_pb_column et-last-child et_flex_column et_pb_css_mix_blend_mode_passthrough et_flex_column_6_24 et_flex_column_8_24_tablet et_flex_column_24_24_phone\">\n<div class=\"et_pb_text_2 et_pb_text et_pb_bg_layout_light et_pb_module et_block_module preset--group--divi-text--divi-font-body--h19rs5u--default preset--group--divi-text--divi-font-body--h1yjkjr--default preset--module--divi-text--699cb4dcd6faa\"><div class=\"et_pb_text_inner\"><p>Tambien te puede interesar<\/p>\n<\/div><\/div>\n\n<div class=\"et_pb_text_3 et_pb_text et_pb_bg_layout_light et_pb_module et_block_module preset--group--divi-text--divi-font-body--h19rs5u--default preset--group--divi-text--divi-font-body--h1yjkjr--default preset--module--divi-text--699cb4dcd6faa\"><div class=\"et_pb_text_inner\"><table border=\"1\" style=\"width: 101.056%; border-collapse: collapse; border-style: none; height: 81px;\">\n<tbody>\n<tr style=\"height: 24px;\">\n<td style=\"width: 10%; padding-right: 5px; border-style: none; height: 28px; text-align: right;\"><img loading=\"lazy\" decoding=\"async\" src=\"https:\/\/imexcomed.com.bo\/wp-content\/uploads\/2026\/03\/flecha-verde-left.png\" width=\"9\" height=\"13\" alt=\"\" class=\"wp-image-771 alignnone size-full\" \/><\/td>\n<td style=\"width: 80%; padding-left: 0%; border-style: none none solid; border-bottom-width: 1px; border-bottom-color: #cccccc; height: 28px;\"><a href=\"https:\/\/imexcomed.com.bo\/index.php\/servicio-tecnico\/\">Servicio T\u00e9cnico<\/a><\/td>\n<\/tr>\n<tr style=\"height: 25px;\">\n<td style=\"width: 10%; padding-right: 5px; border-style: none; height: 28px; text-align: right;\"><img loading=\"lazy\" decoding=\"async\" src=\"https:\/\/imexcomed.com.bo\/wp-content\/uploads\/2026\/03\/flecha-verde-left.png\" width=\"10\" height=\"15\" alt=\"\" class=\"wp-image-771 alignnone size-full\" \/><\/td>\n<td style=\"width: 80%; padding-left: 0%; border-style: none none solid; border-bottom-width: 1px; border-bottom-color: #cccccc; height: 28px;\"><a href=\"https:\/\/imexcomed.com.bo\/index.php\/gestion-de-activos-y-suministros-quirurgicos\/\">Gesti\u00f3n de Activos y Suministros Quir\u00fargicos<\/a><\/td>\n<\/tr>\n<\/tbody>\n<\/table>\n<\/div><\/div>\n<\/div>\n<\/div>\n<\/div>\n\n<div class=\"et_pb_section_2 et_pb_section et_section_regular et_flex_section\">\n<div class=\"et_pb_row_3 et_pb_row et_flex_row\">\n<div class=\"et_pb_column_5 et_pb_column et-last-child et_flex_column et_pb_css_mix_blend_mode_passthrough et_flex_column_24_24 et_flex_column_24_24_tablet et_flex_column_24_24_phone\">\n<div class=\"et_pb_image_0 et_pb_image et_pb_module et_flex_module\"><a href=\"https:\/\/wa.me\/59161023715\" target=\"_blank\"><span class=\"et_pb_image_wrap\"><img loading=\"lazy\" decoding=\"async\" src=\"https:\/\/imexcomed.com.bo\/wp-content\/uploads\/2026\/03\/whatsapp.png\" title=\"whatsapp\" width=\"306\" height=\"56\" srcset=\"https:\/\/imexcomed.com.bo\/wp-content\/uploads\/2026\/03\/whatsapp.png 306w, https:\/\/imexcomed.com.bo\/wp-content\/uploads\/2026\/03\/whatsapp-300x55.png 300w\" sizes=\"(max-width: 306px) 100vw, 306px\" class=\"wp-image-988\" \/><\/span><\/a><\/div>\n<\/div>\n<\/div>\n<\/div>\n\n<div class=\"et_pb_section_3 et_pb_section et_section_regular et_flex_section\">\n<div class=\"et_pb_row_4 et_pb_row et_flex_row\">\n<div class=\"et_pb_column_6 et_pb_column et-last-child et_flex_column et_pb_css_mix_blend_mode_passthrough et_flex_column_24_24 et_flex_column_24_24_tablet et_flex_column_24_24_phone\">\n<div class=\"et_pb_text_4 et_pb_text et_pb_bg_layout_light et_pb_module et_flex_module preset--group--divi-text--divi-font-body--h19rs5u--default preset--group--divi-text--divi-font-body--h1yjkjr--default\"><div class=\"et_pb_text_inner\"><h1 style=\"text-align: center;\">Gesti\u00f3n de Activos y Suministros Quir\u00fargicos<\/h1>\n<\/div><\/div>\n\n<div class=\"et_pb_text_5 et_pb_text et_pb_bg_layout_light et_pb_module et_flex_module preset--group--divi-text--divi-font-body--h19rs5u--default preset--group--divi-text--divi-font-body--h1yjkjr--default\"><div class=\"et_pb_text_inner\"><p style=\"text-align: justify;\">Un suministro confiable y eficiente del quir\u00f3fano es esencial para lograr el \u00e9xito diario y a largo plazo en los procesos hospitalarios.<br \/>B. Braun ofrece soluciones mejoradas digitalmente para permitir que los profesionales de la salud alcancen la excelencia cl\u00ednica con resultados financieros sobresalientes.<\/p>\n<\/div><\/div>\n<\/div>\n<\/div>\n<\/div>\n\n<div class=\"et_pb_section_4 et_pb_section et_section_regular et_flex_section\">\n<div class=\"et_pb_row_5 et_pb_row et_flex_row\">\n<div class=\"et_pb_column_7 et_pb_column et-last-child et_flex_column et_pb_css_mix_blend_mode_passthrough et_flex_column_24_24 et_flex_column_24_24_tablet et_flex_column_24_24_phone\">\n<div class=\"et_pb_text_6 et_pb_text et_pb_bg_layout_light et_pb_module et_flex_module preset--group--divi-text--divi-font-body--h19rs5u--default preset--group--divi-text--divi-font-body--h1yjkjr--default\"><div class=\"et_pb_text_inner\"><h3>Nuevos est\u00e1ndares en el procesamiento de esterilizaci\u00f3n y el suministro de quir\u00f3fanos<\/h3>\n<p style=\"text-align: justify;\">Un suministro fiable y eficiente de los quir\u00f3fanos es esencial para generar \u00e9xito diario y a largo plazo en los procesos hospitalarios. B. Braun ofrece soluciones mejoradas digitalmente para permitir que los profesionales sanitarios alcancen la excelencia cl\u00ednica con resultados financieros sobresalientes.<\/p>\n<p style=\"text-align: justify;\">Mejore sus Activos y Suministros Quir\u00fargicos mediante consultor\u00eda: Nuestros consultores le asesoran en base a regulaciones oficiales, est\u00e1ndares internacionales y las mejores pr\u00e1cticas de la industria para mejorar los diversos aspectos y el ciclo de vida general de los instrumentos quir\u00fargicos para su uso en quir\u00f3fanos y esterilizaci\u00f3n centralizada.<\/p>\n<p style=\"text-align: justify;\">Conc\u00e9ntrese en su rendimiento mediante la gesti\u00f3n de activos quir\u00fargicos: Nuestras soluciones \u201cFleet Care\u201d y \u201cBackup Stock Management\u201d combinan diferentes soluciones de consultor\u00eda y gesti\u00f3n de activos. Estas soluciones se pueden personalizar para abordar los desaf\u00edos existentes de los clientes con el fin de alcanzar la excelencia en la gesti\u00f3n de activos quir\u00fargicos.<\/p>\n<p style=\"text-align: justify;\">Establecer soluciones inteligentes mediante la gesti\u00f3n de suministros quir\u00fargico: Para proteger la funcionalidad de la atenci\u00f3n m\u00e9dica se requieren operaciones quir\u00fargicas y una planificaci\u00f3n de quir\u00f3fanos a prueba de futuro, incluidas cadenas de suministro eficientes, confiables y actualizables, que integren soluciones de TI inteligentes en los procesos del hospital.<\/p>\n<p style=\"text-align: justify;\">Descubra los componentes de su proyecto: La gesti\u00f3n de activos y suministros quir\u00fargicos combina varios productos, servicios y herramientas digitales en cuatro fases del proyecto.<\/p>\n<p style=\"text-align: justify;\">Evaluaci\u00f3n\u200b: En funci\u00f3n de su visi\u00f3n y sus desaf\u00edos, se realizan an\u00e1lisis de coincidencias. El objetivo es recopilar informaci\u00f3n y lograr una comprensi\u00f3n m\u00e1s profunda de sus procesos actuales de suministro de quir\u00f3fano y activos quir\u00fargicos para definir soluciones personalizadas de mejora y tomar las mejores decisiones posibles.<\/p>\n<ul style=\"text-align: justify;\">\n<li>Quick Scan\u200b<\/li>\n<li>SAM Light\u200b<\/li>\n<li>360\u00b0 Scan\u200b<\/li>\n<li>An\u00e1lisis de procesos t\u00e9cnicos\u200b<\/li>\n<li>An\u00e1lisis de inventario de productos\u200b<\/li>\n<li>An\u00e1lisis de datos de productos est\u00e9riles\u200b<\/li>\n<li>An\u00e1lisis de viabilidad de contenedores\u200b<\/li>\n<\/ul>\n<p style=\"text-align: justify;\"><strong>Optimizaci\u00f3n:<\/strong> La fase de optimizaci\u00f3n apunta a procesos eficientes asociados con est\u00e1ndares reconocidos internacionalmente y las mejores pr\u00e1cticas de la industria. Con base en los datos analizados previamente, optimizamos los diversos aspectos y el ciclo de vida general de los activos quir\u00fargicos en su CSSD y quir\u00f3fano con el fin de crear una base para la implementaci\u00f3n de soluciones orientadas al futuro.<\/p>\n<ul style=\"text-align: justify;\">\n<li>Consultor\u00eda 360\u00b0<\/li>\n<li>Consultor\u00eda de sets<\/li>\n<li>Containerizaci\u00f3n<\/li>\n<li>Consultor\u00eda de configuraci\u00f3n de bandejas<\/li>\n<\/ul>\n<p style=\"text-align: justify;\"><strong>Implementaci\u00f3n<\/strong>: Implementaci\u00f3n y posterior puesta en marcha de soluciones orientadas al futuro para el suministro de quir\u00f3fanos del cliente, as\u00ed como la entrega de productos integrados en el proceso.<\/p>\n<ul style=\"text-align: justify;\">\n<li>Implementaci\u00f3n de productos, software y procesos<\/li>\n<li>Gestor de organizaci\u00f3n de bandejas<\/li>\n<li>Gesti\u00f3n de instrumentos instacount\u00ae<\/li>\n<\/ul>\n<p style=\"text-align: justify;\"><strong>Asociaci\u00f3n\u200b:<\/strong> Implementaci\u00f3n de soluciones basadas en la asociaci\u00f3n para garantizar de forma sostenible los est\u00e1ndares de calidad alcanzados. B. Braun no solo le ofrece un \u00fanico servicio de consultor\u00eda. Brindamos una asociaci\u00f3n estrat\u00e9gica continua como una de las empresas l\u00edderes y con experiencia en la gesti\u00f3n de activos y suministros quir\u00fargicos.<\/p>\n<ul>\n<li style=\"text-align: justify;\">Educaci\u00f3n y capacitaci\u00f3n\u200b<\/li>\n<li style=\"text-align: justify;\">Cuidado de flotas\u200b<\/li>\n<li style=\"text-align: justify;\">Gesti\u00f3n de stock de respaldo\u200b<\/li>\n<li style=\"text-align: justify;\">Soluciones de servicio t\u00e9cnico\u200b<\/li>\n<\/ul>\n<\/div><\/div>\n\n<div class=\"et_pb_text_7 et_pb_text et_pb_bg_layout_light et_pb_module et_block_module preset--group--divi-text--divi-font-body--h19rs5u--default preset--group--divi-text--divi-font-body--h1yjkjr--default preset--module--divi-text--699cb4dcd6faa\"><div class=\"et_pb_text_inner\"><p>Tambien te puede interesar<\/p>\n<\/div><\/div>\n\n<div class=\"et_pb_text_8 et_pb_text et_pb_bg_layout_light et_pb_module et_block_module preset--group--divi-text--divi-font-body--h19rs5u--default preset--group--divi-text--divi-font-body--h1yjkjr--default preset--module--divi-text--699cb4dcd6faa\"><div class=\"et_pb_text_inner\"><table border=\"1\" style=\"width: 101.056%; border-collapse: collapse; border-style: none; height: 81px;\">\n<tbody>\n<tr style=\"height: 24px;\">\n<td style=\"width: 10%; padding-right: 5px; border-style: none; height: 28px; text-align: right;\"><img loading=\"lazy\" decoding=\"async\" src=\"https:\/\/imexcomed.com.bo\/wp-content\/uploads\/2026\/03\/flecha-verde-left.png\" width=\"9\" height=\"13\" alt=\"\" class=\"wp-image-771 alignnone size-full\" \/><\/td>\n<td style=\"width: 80%; padding-left: 0%; border-style: none none solid; border-bottom-width: 1px; border-bottom-color: #cccccc; height: 28px;\"><a href=\"https:\/\/imexcomed.com.bo\/index.php\/servicio-tecnico\/\">Servicio T\u00e9cnico<\/a><\/td>\n<\/tr>\n<tr style=\"height: 25px;\">\n<td style=\"width: 10%; padding-right: 5px; border-style: none; height: 28px; text-align: right;\"><img loading=\"lazy\" decoding=\"async\" src=\"https:\/\/imexcomed.com.bo\/wp-content\/uploads\/2026\/03\/flecha-verde-left.png\" width=\"10\" height=\"15\" alt=\"\" class=\"wp-image-771 alignnone size-full\" \/><\/td>\n<td style=\"width: 80%; padding-left: 0%; border-style: none none solid; border-bottom-width: 1px; border-bottom-color: #cccccc; height: 28px;\"><a href=\"https:\/\/imexcomed.com.bo\/index.php\/gestion-de-activos-y-suministros-quirurgicos\/\">Gesti\u00f3n de Activos y Suministros Quir\u00fargicos<\/a><\/td>\n<\/tr>\n<\/tbody>\n<\/table>\n<\/div><\/div>\n<\/div>\n<\/div>\n<\/div>","protected":false},"excerpt":{"rendered":"","protected":false},"author":2,"featured_media":0,"parent":0,"menu_order":0,"comment_status":"closed","ping_status":"closed","template":"","meta":{"footnotes":""},"class_list":["post-102","page","type-page","status-publish","hentry"],"_links":{"self":[{"href":"https:\/\/imexcomed.com.bo\/index.php\/wp-json\/wp\/v2\/pages\/102","targetHints":{"allow":["GET"]}}],"collection":[{"href":"https:\/\/imexcomed.com.bo\/index.php\/wp-json\/wp\/v2\/pages"}],"about":[{"href":"https:\/\/imexcomed.com.bo\/index.php\/wp-json\/wp\/v2\/types\/page"}],"author":[{"embeddable":true,"href":"https:\/\/imexcomed.com.bo\/index.php\/wp-json\/wp\/v2\/users\/2"}],"replies":[{"embeddable":true,"href":"https:\/\/imexcomed.com.bo\/index.php\/wp-json\/wp\/v2\/comments?post=102"}],"version-history":[{"count":32,"href":"https:\/\/imexcomed.com.bo\/index.php\/wp-json\/wp\/v2\/pages\/102\/revisions"}],"predecessor-version":[{"id":1557,"href":"https:\/\/imexcomed.com.bo\/index.php\/wp-json\/wp\/v2\/pages\/102\/revisions\/1557"}],"wp:attachment":[{"href":"https:\/\/imexcomed.com.bo\/index.php\/wp-json\/wp\/v2\/media?parent=102"}],"curies":[{"name":"wp","href":"https:\/\/api.w.org\/{rel}","templated":true}]}}