{"id":71,"date":"2026-02-21T17:41:38","date_gmt":"2026-02-21T16:41:38","guid":{"rendered":"https:\/\/imexcomed.com.bo\/?page_id=71"},"modified":"2026-04-26T10:17:56","modified_gmt":"2026-04-26T14:17:56","slug":"noticias","status":"publish","type":"page","link":"https:\/\/imexcomed.com.bo\/index.php\/noticias\/","title":{"rendered":"Noticias"},"content":{"rendered":"<div class=\"et_pb_section_0 et_pb_section et_section_regular et_flex_section\">\n<div class=\"et_pb_row_0 et_pb_row et_flex_row\">\n<div class=\"et_pb_column_0 et_pb_column et_flex_column et_pb_css_mix_blend_mode_passthrough et_flex_column_18_24 et_flex_column_16_24_tablet et_flex_column_24_24_phone\">\n<div class=\"et_pb_row_1 et_pb_row et_pb_row_nested et_flex_row\">\n<div class=\"et_pb_column_1 et_pb_column et-last-child et_flex_column et_pb_css_mix_blend_mode_passthrough et_flex_column_24_24 et_flex_column_24_24_tablet et_flex_column_24_24_phone\">\n<div class=\"et_pb_heading_0 et_pb_heading et_pb_module et_flex_module\"><div class=\"et_pb_heading_container\"><h1 class=\"et_pb_module_header\">Noticias de IMEXCOMED<\/h1><\/div><\/div>\n<\/div>\n<\/div>\n\n<div class=\"et_pb_row_2 et_pb_row et_pb_row_nested et_flex_row\">\n<div class=\"et_pb_column_2 et_pb_column et-last-child et_flex_column et_pb_css_mix_blend_mode_passthrough et_flex_column_24_24 et_flex_column_24_24_tablet et_flex_column_24_24_phone\">\n<div class=\"et_pb_blog_0 et_pb_blog et_pb_bg_layout_light et_pb_text_align_justified et_pb_posts et_pb_module preset--group--divi-blog--divi-font-body--h19rs5u--default\"><div class=\"et_pb_ajax_pagination_container\"><div class=\"et_pb_posts et_grid_module\"><article class=\"et_pb_post et_pb_post_id_1765 clearfix et_pb_blog_item_0_0 post-1765 post type-post status-publish format-standard has-post-thumbnail hentry category-noticias\"><div class=\"et_pb_image_container\"><a href=\"https:\/\/imexcomed.com.bo\/index.php\/2026\/04\/23\/encuentro-estrategico-con-especialistas-de-b-braun-aesculap-en-la-paz\/\" class=\"entry-featured-image-url\"><img loading=\"lazy\" decoding=\"async\" src=\"https:\/\/imexcomed.com.bo\/wp-content\/uploads\/2026\/04\/Noticia-1-Foto1.jpg\" width=\"400\" height=\"284\" alt=\"Encuentro Estrat\u00e9gico con Especialistas de B. Braun &#8211; Aesculap en La Paz\" class=\"\" srcset=\"https:\/\/imexcomed.com.bo\/wp-content\/uploads\/2026\/04\/Noticia-1-Foto1.jpg 479w, https:\/\/imexcomed.com.bo\/wp-content\/uploads\/2026\/04\/Noticia-1-Foto1-400x284.jpg 480w\" sizes=\"(max-width:479px) 479px, 100vw\" \/><span data-icon=\"\ue050\" class=\"et_overlay et_pb_inline_icon\"><\/span><\/a><\/div><h2 class=\"entry-title\"><a href=\"https:\/\/imexcomed.com.bo\/index.php\/2026\/04\/23\/encuentro-estrategico-con-especialistas-de-b-braun-aesculap-en-la-paz\/\">Encuentro Estrat\u00e9gico con Especialistas de B. Braun &#8211; Aesculap en La Paz<\/a><\/h2><p class=\"post-meta\"><span class=\"published\">Abr 23, 2026<\/span> | <span class=\"entry-categories\"><a href=\"https:\/\/imexcomed.com.bo\/index.php\/category\/noticias\/\" rel=\"tag\">Noticias<\/a><\/span><\/p><div class=\"post-content\"><div class=\"post-content-inner\"><p>Los d\u00edas 26 y 27 de febrero, IMEXCOMED S.R.L. realiz\u00f3 en La Paz, Bolivia un encuentro de trabajo junto a representantes de la divisi\u00f3n Aesculap de B. Braun, enfocado en la revisi\u00f3n de productos, el intercambio de conocimientos t\u00e9cnicos y el an\u00e1lisis de estrategias comerciales.<\/p>\n<\/div><\/div><\/article><article class=\"et_pb_post et_pb_post_id_1719 clearfix et_pb_blog_item_0_1 post-1719 post type-post status-publish format-standard has-post-thumbnail hentry category-noticias\"><div class=\"et_pb_image_container\"><a href=\"https:\/\/imexcomed.com.bo\/index.php\/2026\/04\/23\/imexcomed-fortalece-la-capacitacion-tecnica-junto-a-especialista-internacional-de-magnus-medical\/\" class=\"entry-featured-image-url\"><img loading=\"lazy\" decoding=\"async\" src=\"https:\/\/imexcomed.com.bo\/wp-content\/uploads\/2026\/04\/Noticia2-3.jpg\" width=\"400\" height=\"284\" alt=\"IMEXCOMED fortalece la capacitaci\u00f3n t\u00e9cnica junto a especialista internacional de Magnus Medical\" class=\"\" srcset=\"https:\/\/imexcomed.com.bo\/wp-content\/uploads\/2026\/04\/Noticia2-3.jpg 479w, https:\/\/imexcomed.com.bo\/wp-content\/uploads\/2026\/04\/Noticia2-3-400x284.jpg 480w\" sizes=\"(max-width:479px) 479px, 100vw\" \/><span data-icon=\"\ue050\" class=\"et_overlay et_pb_inline_icon\"><\/span><\/a><\/div><h2 class=\"entry-title\"><a href=\"https:\/\/imexcomed.com.bo\/index.php\/2026\/04\/23\/imexcomed-fortalece-la-capacitacion-tecnica-junto-a-especialista-internacional-de-magnus-medical\/\">IMEXCOMED fortalece la capacitaci\u00f3n t\u00e9cnica junto a especialista internacional de Magnus Medical<\/a><\/h2><p class=\"post-meta\"><span class=\"published\">Abr 23, 2026<\/span> | <span class=\"entry-categories\"><a href=\"https:\/\/imexcomed.com.bo\/index.php\/category\/noticias\/\" rel=\"tag\">Noticias<\/a><\/span><\/p><div class=\"post-content\"><div class=\"post-content-inner\"><p>IMEXCOMED recibi\u00f3 la visita de Lilibeth Prieto, Product Manager de Magnus Medical, quien lleg\u00f3 desde Colombia para desarrollar una agenda de capacitaciones, visitas t\u00e9cnicas y demostraciones de producto en distintas instituciones de salud del pa\u00eds.<\/p>\n<\/div><\/div><\/article><\/div><div class=\"pagination clearfix\">\n\t<div class=\"alignleft\"><\/div>\n\t<div class=\"alignright\"><\/div>\n<\/div><\/div><\/div>\n<\/div>\n<\/div>\n<\/div>\n\n<div class=\"et_pb_column_3 et_pb_column et-last-child et_flex_column et_pb_css_mix_blend_mode_passthrough et_flex_column_6_24 et_flex_column_8_24_tablet et_flex_column_24_24_phone\">\n<div class=\"et_pb_text_0 et_pb_text et_pb_bg_layout_light et_pb_module et_block_module preset--group--divi-text--divi-font-body--h19rs5u--default preset--group--divi-text--divi-font-body--h1yjkjr--default preset--module--divi-text--699cb4dcd6faa\"><div class=\"et_pb_text_inner\"><p>Tambien te puede interesar<\/p>\n<\/div><\/div>\n\n<div class=\"et_pb_text_1 et_pb_text et_pb_bg_layout_light et_pb_module et_block_module preset--group--divi-text--divi-font-body--h19rs5u--default preset--group--divi-text--divi-font-body--h1yjkjr--default preset--module--divi-text--699cb4dcd6faa\"><div class=\"et_pb_text_inner\"><table border=\"1\" style=\"width: 101.056%; border-collapse: collapse; border-style: none; height: 81px;\">\n<tbody>\n<tr style=\"height: 24px;\">\n<td style=\"width: 10%; padding-right: 5px; border-style: none; height: 28px; text-align: right;\"><img loading=\"lazy\" decoding=\"async\" src=\"https:\/\/imexcomed.com.bo\/wp-content\/uploads\/2026\/03\/flecha-verde-left.png\" width=\"14\" height=\"21\" alt=\"\" class=\"wp-image-771 aligncenter size-full\" \/><\/td>\n<td style=\"width: 80%; padding-left: 0%; border-style: none none solid; border-bottom-width: 1px; border-bottom-color: #cccccc; height: 28px;\"><a href=\"https:\/\/imexcomed.com.bo\/index.php\/noticias\/\">Noticias<\/a><\/td>\n<\/tr>\n<tr style=\"height: 25px;\">\n<td style=\"width: 10%; padding-right: 5px; border-style: none; height: 28px; text-align: right;\"><img loading=\"lazy\" decoding=\"async\" src=\"https:\/\/imexcomed.com.bo\/wp-content\/uploads\/2026\/03\/flecha-verde-left.png\" width=\"14\" height=\"21\" alt=\"\" class=\"wp-image-771 aligncenter size-full\" \/><\/td>\n<td style=\"width: 80%; padding-left: 0%; border-style: none none solid; border-bottom-width: 1px; border-bottom-color: #cccccc; height: 28px;\"><a href=\"https:\/\/imexcomed.com.bo\/index.php\/entrenamiento-y-educacion\/\">Entrenamiento y Educaci\u00f3n<\/a><\/td>\n<\/tr>\n<\/tbody>\n<\/table>\n<\/div><\/div>\n<\/div>\n<\/div>\n<\/div>","protected":false},"excerpt":{"rendered":"","protected":false},"author":2,"featured_media":0,"parent":0,"menu_order":0,"comment_status":"closed","ping_status":"closed","template":"","meta":{"footnotes":""},"class_list":["post-71","page","type-page","status-publish","hentry"],"_links":{"self":[{"href":"https:\/\/imexcomed.com.bo\/index.php\/wp-json\/wp\/v2\/pages\/71","targetHints":{"allow":["GET"]}}],"collection":[{"href":"https:\/\/imexcomed.com.bo\/index.php\/wp-json\/wp\/v2\/pages"}],"about":[{"href":"https:\/\/imexcomed.com.bo\/index.php\/wp-json\/wp\/v2\/types\/page"}],"author":[{"embeddable":true,"href":"https:\/\/imexcomed.com.bo\/index.php\/wp-json\/wp\/v2\/users\/2"}],"replies":[{"embeddable":true,"href":"https:\/\/imexcomed.com.bo\/index.php\/wp-json\/wp\/v2\/comments?post=71"}],"version-history":[{"count":30,"href":"https:\/\/imexcomed.com.bo\/index.php\/wp-json\/wp\/v2\/pages\/71\/revisions"}],"predecessor-version":[{"id":1967,"href":"https:\/\/imexcomed.com.bo\/index.php\/wp-json\/wp\/v2\/pages\/71\/revisions\/1967"}],"wp:attachment":[{"href":"https:\/\/imexcomed.com.bo\/index.php\/wp-json\/wp\/v2\/media?parent=71"}],"curies":[{"name":"wp","href":"https:\/\/api.w.org\/{rel}","templated":true}]}}